{"id":8232,"date":"2020-04-07T07:38:26","date_gmt":"2020-04-07T06:38:26","guid":{"rendered":"https:\/\/cmcfestival.com.hr\/v2\/?page_id=8232"},"modified":"2020-04-07T07:38:40","modified_gmt":"2020-04-07T06:38:40","slug":"cmc-festival-2014","status":"publish","type":"page","link":"https:\/\/cmcfestival.com.hr\/?page_id=8232","title":{"rendered":"CMC festival 2014."},"content":{"rendered":"<p><img loading=\"lazy\" decoding=\"async\" class=\"size-medium wp-image-8233 alignleft\" src=\"https:\/\/cmcfestival.com.hr\/v2\/wp-content\/uploads\/2020\/04\/cmc2014_small-233x300.jpg\" alt=\"\" width=\"233\" height=\"300\" srcset=\"https:\/\/cmcfestival.com.hr\/wp-content\/uploads\/2020\/04\/cmc2014_small-233x300.jpg 233w, https:\/\/cmcfestival.com.hr\/wp-content\/uploads\/2020\/04\/cmc2014_small.jpg 300w\" sizes=\"auto, (max-width: 233px) 100vw, 233px\" \/><\/p>\n<h4><strong>CMC FESTIVAL VODICE 2014. (\u0161esto izdanje)<\/strong><\/h4>\n<p>U subotu, 14. lipnja u Vodicama je odr\u017ean <strong>\u0161esti CMC festival, najuspje\u0161nije festivalsko izdanje dosad<\/strong> po broju pjesama, izvo\u0111a\u010da i publike. Unato\u010d lo\u0161oj vremenskoj prognozi, gosti su u Vodice tijekom cijeloga dana pristizali iz svih krajeva Hrvatske i regije, a doma\u0107ini su ugostili najve\u0107e glazbene zvijezde koji su izvodili najnovije hitove. Uz besprijekorni voditeljski par, <strong>Anu Radi\u0161i\u0107 i Dalibora Petka<\/strong>, <strong>live prijenos na CMC televiziji i oko 15 tisu\u0107a ljudi na vodi\u010dkoj rivi<\/strong>, CMC festival je ponovno potvrdio <strong>status najboljeg doma\u0107eg glazbenog festivala<\/strong>.<\/p>\n<p>Prvi je na grandiozni Veliki festivalski stage stupio <strong>Dra\u017een Ze\u010di\u0107<\/strong> s pjesmom <strong>&#8220;Tako sam sretan \u0161to te vidim&#8221;<\/strong>, a zatim je <strong>klapa \u0160ufit<\/strong> iz Splita otpjevala nje\u017enu baladu <strong>&#8220;Zavezan&#8221;<\/strong>. Debitantski nastup na festivalu potom je odradio <strong>Kristijan Rahimovski<\/strong> s pjesmom <strong>&#8220;Korak prekratak&#8221;<\/strong>, uslijedila je pjesma <strong>&#8220;Prijateljica&#8221; Pamele Ramljak<\/strong>, pjesma <strong>&#8220;La\u017e&#8221; \u0110anija Stipani\u010deva<\/strong>, a najmla\u0111i se dio brojne vodi\u010dke publike posebno razveselio prvim taktovima pjesama <strong>Bojana Jambro\u0161i\u0107a &#8220;Obe\u0107ana ljubav&#8221;<\/strong> i <strong>Kim Verson &#8220;Ja\u010da si od svih&#8221;<\/strong>. Toplu podr\u0161ku Vodi\u010dana zaslu\u017eila je i dubrova\u010dka grupa <strong>Silente<\/strong> koja je izvela pjesmu <strong>&#8220;Morski ljudi, morske \u017eene&#8221;<\/strong>, a uz njih, debitantski je nastup na festivalu upisao i <strong>Alan Hr\u017eica<\/strong> sa skladbom <strong>&#8220;Ne da ti tuga&#8221;<\/strong>. Iz Splita u Vodice pristigli su <strong>Giuliano<\/strong> s pjesmom <strong>&#8220;Gdje smo mi&#8221;<\/strong>, <strong>klapa Iskon s &#8220;Okreni se&#8221;<\/strong>, a iz obli\u017enje \u017drnovnice doputovala je <strong>klapa Sveti Florijan<\/strong> koja je otpjevala pjesmu <strong>&#8220;Bila si mi sve&#8221;<\/strong>.<\/p>\n<p>Prvi duet na ovogodi\u0161njem CMC festivalu imali su <strong>Lete\u0107i odred i Ivana Banfi\u0107<\/strong> u pjesmi <strong>&#8220;Priznaj mi&#8221;<\/strong>, a nedugo potom novu stvar <strong>&#8220;Pusti me da \u017eivim&#8221;<\/strong> predstavila je doma\u0107a <strong>klapa Godimenti<\/strong> s ameri\u010dkim ko\u0161arka\u0161em i reperom <strong>Jusom Ronom i Taz Soldom<\/strong>. <strong>Bu\u0111enje<\/strong> i <strong>Op\u0107a Opasnost<\/strong>, koji su Vodi\u010danima svirali dan ranije, otpjevali su <strong>&#8220;Ne govori vi\u0161e&#8221;<\/strong> odnosno pjesmu <strong>&#8220;Stranci&#8221;<\/strong>, a slavonski su blok na CMC festivalu upotpunili jo\u0161 <strong>Igor Dela\u010d<\/strong> s pjesmom <strong>&#8220;Dome najdra\u017ei&#8221;<\/strong> i <strong>Bosutski be\u0107ari<\/strong> koji su izveli pjesmu <strong>&#8220;Trebam te jo\u0161&#8221;<\/strong>. Jedan od najve\u0107ih aplauza u Vodicama dobio je <strong>Ivan Zak<\/strong> koji je odu\u0161evio publiku pjesmom <strong>&#8220;Usne varane&#8221;<\/strong>, a u istom je ritmu nastavila razigrana <strong>Ivana Kova\u010d<\/strong> s pjesmom <strong>&#8220;Ludilo&#8221;<\/strong>. Upravo je ta pjesma uvela publiku i gledatelje live prijenosa u pravi scenski show <strong>Nives Celzijus<\/strong> i <strong>Tambura\u0161kog sastava Petica<\/strong> koji su otpjevali pjesmu <strong>&#8220;Karanfili&#8221;<\/strong> i osvojili nagradu portala <strong>24sata.hr za najve\u0107i hit ovogodi\u0161njeg festivala<\/strong>.<\/p>\n<p>Uslijedili su nastupi <strong>Maje \u0160uput<\/strong> s velikim hitom <strong>&#8220;Neprilika&#8221;, Magazina &#8220;\u0160kolovana da pre\u017eivim&#8221;, Alke Vuice<\/strong> u pjesmi <strong>&#8220;\u017denska posada&#8221;<\/strong> te dobitnika priznanja za <strong>40 godina uspje\u0161ne karijere \u017deljka Bebeka<\/strong> s pjesmom <strong>&#8220;O\u017eiljak&#8221;<\/strong>. <strong>Mladen Grdovi\u0107<\/strong> provezao je <strong>&#8220;Crveni ferrari&#8221;, Ton\u010di Hulji\u0107 i Madre Badessa<\/strong> izveli su <strong>&#8220;Gu\u0161tan&#8221;<\/strong>, a posljednja je pod svjetla CMC festivala stupila <strong>Jelena Rozga<\/strong> koja je izvela pjesmu <strong>&#8220;Okus mentola&#8221;<\/strong>. Kraljica doma\u0107e glazbene scene, koja je pro\u0161le godine na festivalu izvela pjesmu &#8220;Nirvana&#8221; s kojom je nominirana za Hit godine ovogodi\u0161njeg Porina, primila je po zavr\u0161etku festivala nagradu za <strong>Izvo\u0111a\u010da godine 2013. CMC televizije<\/strong>.<\/p>\n<p>Nakon festivalskog izdanja, na Velikom je stageu do kasno u no\u0107 pjevao <strong>\u017deljko Bebek<\/strong> i bend koji je sve prisutne odu\u0161evio svojim repertoarom i neponovljivom karizmom i energijom.<\/p>\n<p>Subotu u Vodicama otvorila je promocija novih izdanja Croatia Recordsa u Hotelu Olympia. Predstavljen je <strong>dvostruki festivalski CD, navija\u010dka kompilacija &#8220;Svi u Brazil&#8221;<\/strong>, izdanja u ediciji <strong>&#8220;50\/100 originalnih pjesama&#8221;<\/strong> me\u0111u kojima su najve\u0107i hitovi <strong>Mi\u0161e Kova\u010da<\/strong>, <strong>Olivera Dragojevi\u0107a<\/strong>, <strong>grupe Magazin, Severine, Zdravka \u010coli\u0107a i Vinka Coce<\/strong>, dok su <strong>Mladen Grdovi\u0107 i Dra\u017een Ze\u010di\u0107<\/strong> svoju kompilaciju najve\u0107ih hitova dobili neposredno prije CMC festivala, pa su i osobno sudjelovali na predstavljanju. Diskografska ku\u0107a Menart predstavila je <strong>novi album Pamele Ramljak &#8220;Prijateljica&#8221;<\/strong> i dodjelila <strong>srebrnu plo\u010du Ivanu Zaku<\/strong> za album <strong>&#8220;Bolja od najbolje&#8221;<\/strong>. Vrijeme za dru\u017eenje s kolegama glazbenicima i novinarima potom je pripalo autorima na konferenciji <strong>&#8220;Glas autora&#8221;<\/strong> u organizaciji ZAMP-a, a jake autorske snage \u010dinili su <strong>Tibor i Sanin Karamehmedovi\u0107<\/strong> iz grupe Silente, <strong>Davor Radolfi, Kristijan Rahimovski i Dra\u017een Ze\u010di\u0107<\/strong>.<\/p>\n<p><strong>POPIS PJESAMA I IZVO\u0110A\u010cA NA REVIJALNOM DIJELU FESTIVALA:<\/strong><\/p>\n<div>01. <a href=\"https:\/\/www.youtube.com\/watch?v=QzWvvb_6oxY\">OKUS MENTOLA \u2013 JELENA ROZGA<\/a><\/div>\n<div>02. <a href=\"https:\/\/www.youtube.com\/watch?v=KQhXoQc20LY\">NEPRILIKA \u2013 MAJA \u0160UPUT<\/a><\/div>\n<div>03. <a href=\"https:\/\/www.youtube.com\/watch?v=Ncs5RHRAnos\">TAKO SAM SRETAN \u0160TO TE VIDIM \u2013 DRA\u017dEN ZE\u010cI\u0106<\/a><\/div>\n<div>04. <a href=\"https:\/\/www.youtube.com\/watch?v=JFUp-ZN4G9Q\">USNE VARANE \u2013 IVAN ZAK<\/a><\/div>\n<div>05. <a href=\"https:\/\/www.youtube.com\/watch?v=qMgJz4QyxXE\">O\u017dILJAK \u2013 \u017dELJKO BEBEK<\/a><\/div>\n<div>06. <a href=\"https:\/\/www.youtube.com\/watch?v=6bmQ-X2Lda4\">LA\u017d \u2013 \u0110ANI STIPANI\u010cEV<\/a><\/div>\n<div>07. <a href=\"https:\/\/www.youtube.com\/watch?v=QcQrgRSRiVQ\">TREBAM TE JO\u0160 \u2013 BOSUTSKI BE\u0106ARI<\/a><\/div>\n<div>08. <a href=\"https:\/\/www.youtube.com\/watch?v=DtjH2SlGhEA\">DOME NAJDRA\u017dI \u2013 IGOR DELA\u010c<\/a><\/div>\n<div>09. <a href=\"https:\/\/www.youtube.com\/watch?v=Ol6CQsKfn5U\">BILA SI MI SVE \u2013 KLAPA SV FLORIJAN<\/a><\/div>\n<div>10. <a href=\"https:\/\/www.youtube.com\/watch?v=ouuuvKOijPk\">PUSTI ME DA \u017dIVIM \u2013 KLAPA GODIMENTI FEAT JUS RONN &amp; TAZ SOLDO<\/a><\/div>\n<div>11. <a href=\"https:\/\/www.youtube.com\/watch?v=c8TVNMPAfSg\">JA\u010cA SI OD SVIH \u2013 KIM VERSON<\/a><\/div>\n<div>12. <a href=\"https:\/\/www.youtube.com\/watch?v=x45J3SSZSRw\">PRIJATELJICA \u2013 PAMELA RAMLJAK<\/a><\/div>\n<div>13. <a href=\"https:\/\/www.youtube.com\/watch?v=o4ONbRo-OIQ\">MORSKI LJUDI, MORSKE \u017dENE \u2013 SILENTE<\/a><\/div>\n<div>14. <a href=\"https:\/\/www.youtube.com\/watch?v=8ytHOwxl-tU\">STRANCI \u2013 OP\u0106A OPASNOST<\/a><\/div>\n<div>15. <a href=\"https:\/\/www.youtube.com\/watch?v=ssHQIzcJVjo\">\u0160KOLOVANA DA PRE\u017dIVIM \u2013 MAGAZIN<\/a><\/div>\n<div>16. <a href=\"https:\/\/www.youtube.com\/watch?v=jUe7drJn91o\">CRVENI FERRARI \u2013 MLADEN GRDOVI\u0106<\/a><\/div>\n<div>17. <a href=\"https:\/\/www.youtube.com\/watch?v=wcslg99bx7A\">LUDILO \u2013 IVANA KOVA\u010c<\/a><\/div>\n<div>18. <a href=\"https:\/\/www.youtube.com\/watch?v=jaj0aNQVpmM\">OBE\u0106ANA LJUBAV \u2013 BOJAN JAMBRO\u0160I\u0106<\/a><\/div>\n<div>19. <a href=\"https:\/\/www.youtube.com\/watch?v=no17FhOmiAw\">\u017dENSKA POSADA \u2013 ALKA VUICA<\/a><\/div>\n<div>20. <a href=\"https:\/\/www.youtube.com\/watch?v=jHNzgNBiSK0\">KARANFILI \u2013 NIVES CELZIJUS i TAMBURA\u0160KI SASTAV PETICA<\/a><\/div>\n<div>21. <a href=\"https:\/\/www.youtube.com\/watch?v=lVVGqey8BVk\">PRIZNAJ MI \u2013 LETE\u0106I ODRED FT IVANA BANFI\u0106<\/a><\/div>\n<div>22. <a href=\"https:\/\/www.youtube.com\/watch?v=XX5ydyJnCAk\">OKRENI SE \u2013 KLAPA ISKON<\/a><\/div>\n<div>23. <a href=\"https:\/\/www.youtube.com\/watch?v=TBxbA1WEG7E\">NE GOVORI VI\u0160E \u2013 BU\u0110ENJE<\/a><\/div>\n<div>24. <a href=\"https:\/\/www.youtube.com\/watch?v=0xwef1BB8ho\">NE DA TI TUGA \u2013 ALAN HR\u017dICA<\/a><\/div>\n<div>25. <a href=\"https:\/\/www.youtube.com\/watch?v=MuI1rb3kcuE\">KORAK PREKRATAK \u2013 KIKI RAHIMOVSKI<\/a><\/div>\n<div>26. <a href=\"https:\/\/www.youtube.com\/watch?v=HK5iv3h7J3Y\">ZAVEZAN \u2013 KLAPA \u0160UFIT<\/a><\/div>\n<div>27. <a href=\"https:\/\/www.youtube.com\/watch?v=J8DoyRA34ww\">GDJE SMO MI \u2013 GIULIANO<\/a><\/div>\n<div>28. <a href=\"https:\/\/www.youtube.com\/watch?v=DdRP532H4RY\">GU\u0160TAN \u2013 TON\u010cI @ MADRE BADESSA<\/a><\/div>\n","protected":false},"excerpt":{"rendered":"<p>CMC FESTIVAL VODICE 2014. (\u0161esto izdanje) U subotu, 14. lipnja u Vodicama je odr\u017ean \u0161esti CMC festival, najuspje\u0161nije festivalsko izdanje dosad po broju pjesama, izvo\u0111a\u010da i publike. Unato\u010d lo\u0161oj vremenskoj prognozi, gosti su u Vodice tijekom cijeloga dana pristizali iz svih krajeva Hrvatske i regije,&#8230;<\/p>\n","protected":false},"author":1,"featured_media":0,"parent":0,"menu_order":0,"comment_status":"closed","ping_status":"closed","template":"","meta":{"footnotes":""},"class_list":["post-8232","page","type-page","status-publish","hentry"],"yoast_head":"<!-- This site is optimized with the Yoast SEO plugin v24.2 - https:\/\/yoast.com\/wordpress\/plugins\/seo\/ -->\n<title>CMC festival 2014. - CMC festival Vodice<\/title>\n<meta name=\"robots\" content=\"index, follow, max-snippet:-1, max-image-preview:large, max-video-preview:-1\" \/>\n<link rel=\"canonical\" href=\"https:\/\/cmcfestival.com.hr\/?page_id=8232\" \/>\n<meta property=\"og:locale\" content=\"hr_HR\" \/>\n<meta property=\"og:type\" content=\"article\" \/>\n<meta property=\"og:title\" content=\"CMC festival 2014. - CMC festival Vodice\" \/>\n<meta property=\"og:description\" content=\"CMC FESTIVAL VODICE 2014. (\u0161esto izdanje) U subotu, 14. lipnja u Vodicama je odr\u017ean \u0161esti CMC festival, najuspje\u0161nije festivalsko izdanje dosad po broju pjesama, izvo\u0111a\u010da i publike. Unato\u010d lo\u0161oj vremenskoj prognozi, gosti su u Vodice tijekom cijeloga dana pristizali iz svih krajeva Hrvatske i regije,...\" \/>\n<meta property=\"og:url\" content=\"https:\/\/cmcfestival.com.hr\/?page_id=8232\" \/>\n<meta property=\"og:site_name\" content=\"CMC festival Vodice\" \/>\n<meta property=\"article:modified_time\" content=\"2020-04-07T06:38:40+00:00\" \/>\n<meta property=\"og:image\" content=\"https:\/\/cmcfestival.com.hr\/v2\/wp-content\/uploads\/2020\/04\/cmc2014_small-233x300.jpg\" \/>\n<meta name=\"twitter:card\" content=\"summary_large_image\" \/>\n<meta name=\"twitter:label1\" content=\"Procijenjeno vrijeme \u010ditanja\" \/>\n\t<meta name=\"twitter:data1\" content=\"4 minute\" \/>\n<script type=\"application\/ld+json\" class=\"yoast-schema-graph\">{\"@context\":\"https:\/\/schema.org\",\"@graph\":[{\"@type\":\"WebPage\",\"@id\":\"https:\/\/cmcfestival.com.hr\/?page_id=8232\",\"url\":\"https:\/\/cmcfestival.com.hr\/?page_id=8232\",\"name\":\"CMC festival 2014. - CMC festival Vodice\",\"isPartOf\":{\"@id\":\"https:\/\/cmcfestival.com.hr\/#website\"},\"primaryImageOfPage\":{\"@id\":\"https:\/\/cmcfestival.com.hr\/?page_id=8232#primaryimage\"},\"image\":{\"@id\":\"https:\/\/cmcfestival.com.hr\/?page_id=8232#primaryimage\"},\"thumbnailUrl\":\"https:\/\/cmcfestival.com.hr\/v2\/wp-content\/uploads\/2020\/04\/cmc2014_small-233x300.jpg\",\"datePublished\":\"2020-04-07T06:38:26+00:00\",\"dateModified\":\"2020-04-07T06:38:40+00:00\",\"breadcrumb\":{\"@id\":\"https:\/\/cmcfestival.com.hr\/?page_id=8232#breadcrumb\"},\"inLanguage\":\"hr\",\"potentialAction\":[{\"@type\":\"ReadAction\",\"target\":[\"https:\/\/cmcfestival.com.hr\/?page_id=8232\"]}]},{\"@type\":\"ImageObject\",\"inLanguage\":\"hr\",\"@id\":\"https:\/\/cmcfestival.com.hr\/?page_id=8232#primaryimage\",\"url\":\"https:\/\/cmcfestival.com.hr\/wp-content\/uploads\/2020\/04\/cmc2014_small.jpg\",\"contentUrl\":\"https:\/\/cmcfestival.com.hr\/wp-content\/uploads\/2020\/04\/cmc2014_small.jpg\",\"width\":300,\"height\":387},{\"@type\":\"BreadcrumbList\",\"@id\":\"https:\/\/cmcfestival.com.hr\/?page_id=8232#breadcrumb\",\"itemListElement\":[{\"@type\":\"ListItem\",\"position\":1,\"name\":\"Po\u010detna stranica\",\"item\":\"https:\/\/cmcfestival.com.hr\/\"},{\"@type\":\"ListItem\",\"position\":2,\"name\":\"CMC festival 2014.\"}]},{\"@type\":\"WebSite\",\"@id\":\"https:\/\/cmcfestival.com.hr\/#website\",\"url\":\"https:\/\/cmcfestival.com.hr\/\",\"name\":\"CMC festival Vodice\",\"description\":\"2026\",\"potentialAction\":[{\"@type\":\"SearchAction\",\"target\":{\"@type\":\"EntryPoint\",\"urlTemplate\":\"https:\/\/cmcfestival.com.hr\/?s={search_term_string}\"},\"query-input\":{\"@type\":\"PropertyValueSpecification\",\"valueRequired\":true,\"valueName\":\"search_term_string\"}}],\"inLanguage\":\"hr\"}]}<\/script>\n<!-- \/ Yoast SEO plugin. -->","yoast_head_json":{"title":"CMC festival 2014. - CMC festival Vodice","robots":{"index":"index","follow":"follow","max-snippet":"max-snippet:-1","max-image-preview":"max-image-preview:large","max-video-preview":"max-video-preview:-1"},"canonical":"https:\/\/cmcfestival.com.hr\/?page_id=8232","og_locale":"hr_HR","og_type":"article","og_title":"CMC festival 2014. - CMC festival Vodice","og_description":"CMC FESTIVAL VODICE 2014. (\u0161esto izdanje) U subotu, 14. lipnja u Vodicama je odr\u017ean \u0161esti CMC festival, najuspje\u0161nije festivalsko izdanje dosad po broju pjesama, izvo\u0111a\u010da i publike. Unato\u010d lo\u0161oj vremenskoj prognozi, gosti su u Vodice tijekom cijeloga dana pristizali iz svih krajeva Hrvatske i regije,...","og_url":"https:\/\/cmcfestival.com.hr\/?page_id=8232","og_site_name":"CMC festival Vodice","article_modified_time":"2020-04-07T06:38:40+00:00","og_image":[{"url":"https:\/\/cmcfestival.com.hr\/v2\/wp-content\/uploads\/2020\/04\/cmc2014_small-233x300.jpg","type":"","width":"","height":""}],"twitter_card":"summary_large_image","twitter_misc":{"Procijenjeno vrijeme \u010ditanja":"4 minute"},"schema":{"@context":"https:\/\/schema.org","@graph":[{"@type":"WebPage","@id":"https:\/\/cmcfestival.com.hr\/?page_id=8232","url":"https:\/\/cmcfestival.com.hr\/?page_id=8232","name":"CMC festival 2014. - CMC festival Vodice","isPartOf":{"@id":"https:\/\/cmcfestival.com.hr\/#website"},"primaryImageOfPage":{"@id":"https:\/\/cmcfestival.com.hr\/?page_id=8232#primaryimage"},"image":{"@id":"https:\/\/cmcfestival.com.hr\/?page_id=8232#primaryimage"},"thumbnailUrl":"https:\/\/cmcfestival.com.hr\/v2\/wp-content\/uploads\/2020\/04\/cmc2014_small-233x300.jpg","datePublished":"2020-04-07T06:38:26+00:00","dateModified":"2020-04-07T06:38:40+00:00","breadcrumb":{"@id":"https:\/\/cmcfestival.com.hr\/?page_id=8232#breadcrumb"},"inLanguage":"hr","potentialAction":[{"@type":"ReadAction","target":["https:\/\/cmcfestival.com.hr\/?page_id=8232"]}]},{"@type":"ImageObject","inLanguage":"hr","@id":"https:\/\/cmcfestival.com.hr\/?page_id=8232#primaryimage","url":"https:\/\/cmcfestival.com.hr\/wp-content\/uploads\/2020\/04\/cmc2014_small.jpg","contentUrl":"https:\/\/cmcfestival.com.hr\/wp-content\/uploads\/2020\/04\/cmc2014_small.jpg","width":300,"height":387},{"@type":"BreadcrumbList","@id":"https:\/\/cmcfestival.com.hr\/?page_id=8232#breadcrumb","itemListElement":[{"@type":"ListItem","position":1,"name":"Po\u010detna stranica","item":"https:\/\/cmcfestival.com.hr\/"},{"@type":"ListItem","position":2,"name":"CMC festival 2014."}]},{"@type":"WebSite","@id":"https:\/\/cmcfestival.com.hr\/#website","url":"https:\/\/cmcfestival.com.hr\/","name":"CMC festival Vodice","description":"2026","potentialAction":[{"@type":"SearchAction","target":{"@type":"EntryPoint","urlTemplate":"https:\/\/cmcfestival.com.hr\/?s={search_term_string}"},"query-input":{"@type":"PropertyValueSpecification","valueRequired":true,"valueName":"search_term_string"}}],"inLanguage":"hr"}]}},"jetpack_sharing_enabled":true,"_links":{"self":[{"href":"https:\/\/cmcfestival.com.hr\/index.php?rest_route=\/wp\/v2\/pages\/8232","targetHints":{"allow":["GET"]}}],"collection":[{"href":"https:\/\/cmcfestival.com.hr\/index.php?rest_route=\/wp\/v2\/pages"}],"about":[{"href":"https:\/\/cmcfestival.com.hr\/index.php?rest_route=\/wp\/v2\/types\/page"}],"author":[{"embeddable":true,"href":"https:\/\/cmcfestival.com.hr\/index.php?rest_route=\/wp\/v2\/users\/1"}],"replies":[{"embeddable":true,"href":"https:\/\/cmcfestival.com.hr\/index.php?rest_route=%2Fwp%2Fv2%2Fcomments&post=8232"}],"version-history":[{"count":1,"href":"https:\/\/cmcfestival.com.hr\/index.php?rest_route=\/wp\/v2\/pages\/8232\/revisions"}],"predecessor-version":[{"id":8234,"href":"https:\/\/cmcfestival.com.hr\/index.php?rest_route=\/wp\/v2\/pages\/8232\/revisions\/8234"}],"wp:attachment":[{"href":"https:\/\/cmcfestival.com.hr\/index.php?rest_route=%2Fwp%2Fv2%2Fmedia&parent=8232"}],"curies":[{"name":"wp","href":"https:\/\/api.w.org\/{rel}","templated":true}]}}